
2
What is the remainder when 284804 is divided by 94856?
236
What is the remainder when 1387253 is divided by 693615?
23
Calculate the remainder when 1177973 is divided by 147229.
141
Calculate the remainder when 154316223 is divided by 595.
593
What is the remainder when 653979 is divided by 25153?
1
What is the remainder when 603708 is divided by 200688?
1644
Calculate the remainder when 19178510 is divided by 33.
32
What is the remainder when 1405155 is divided by 435?
105
What is the remainder when 157176 is divided by 337?
134
What is the remainder when 80046 is divided by 588?
78
What is the remainder when 640416 is divided by 21343?
126
Calculate the remainder when 879018 is divided by 2469.
54
Calculate the remainder when 330612 is divided by 14369.
125
Calculate the remainder when 8629896 is divided by 48.
24
What is the remainder when 31078570 is divided by 725?
720
Calculate the remainder when 2870911 is divided by 4514.
7
Calculate the remainder when 563229 is divided by 281585.
59
What is the remainder when 185267005 is divided by 5056?
5053
Calculate the remainder when 72239 is divided by 23897.
548
Calculate the remainder when 517801 is divided by 12620.
381
What is the remainder when 144111765 is divided by 1384?
1381
What is the remainder when 143817 is divided by 47912?
81
Calculate the remainder when 824240 is divided by 824210.
30
Calculate the remainder when 449384 is divided by 224682.
20
What is the remainder when 5831 is divided by 4704?
1127
What is the remainder when 218941 is divided by 2026?
133
What is the remainder when 4875999 is divided by 2437993?
13
What is the remainder when 615661 is divided by 3946?
85
What is the remainder when 94192 is divided by 235?
192
Calculate the remainder when 2305021 is divided by 74355.
16
What is the remainder when 313412 is divided by 76?
64
What is the remainder when 11338010 is divided by 596736?
26
Calculate the remainder when 21688733 is divided by 505.
498
What is the remainder when 138976 is divided by 13884?
136
Calculate the remainder when 1643055 is divided by 13692.
15
Calculate the remainder when 50456 is divided by 2550.
2006
What is the remainder when 335960880 is divided by 5624?
5616
Calculate the remainder when 2112478 is divided by 12.
10
What is the remainder when 52655 is divided by 50983?
1672
Calculate the remainder when 7453470 is divided by 1558.
1556
What is the remainder when 1029662 is divided by 6600?
62
Calculate the remainder when 26614122 is divided by 2988.
6
Calculate the remainder when 3252943 is divided by 258.
79
Calculate the remainder when 638286 is divided by 11173.
1425
Calculate the remainder when 695166 is divided by 347015.
1136
What is the remainder when 13301252 is divided by 27?
26
Calculate the remainder when 634568 is divided by 310.
308
What is the remainder when 68409396 is divided by 34204698?
0
Calculate the remainder when 169461094 is divided by 56487027.
13
What is the remainder when 1863559 is divided by 870?
19
What is the remainder when 3790977 is divided by 2702?
71
What is the remainder when 9449664 is divided by 11538?
42
What is the remainder when 13329 is divided by 6607?
115
Calculate the remainder when 410343 is divided by 51.
48
What is the remainder when 9089525 is divided by 2420?
5
Calculate the remainder when 482625 is divided by 874.
177
Calculate the remainder when 5853521 is divided by 223.
217
What is the remainder when 8223551 is divided by 676?
11
What is the remainder when 30140883 is divided by 4404?
4311
Calculate the remainder when 280956 is divided by 2100.
1656
Calculate the remainder when 3811020 is divided by 1270307.
99
Calculate the remainder when 96925 is divided by 355.
10
Calculate the remainder when 5130692 is divided by 94.
78
Calculate the remainder when 72792184 is divided by 2600.
2584
Calculate the remainder when 12097053 is divided by 50.
3
What is the remainder when 135346 is divided by 129904?
5442
What is the remainder when 10102104 is divided by 655?
39
Calculate the remainder when 7043550 is divided by 1648.
1646
What is the remainder when 1806119 is divided by 111?
38
What is the remainder when 288615 is divided by 2030?
355
What is the remainder when 3272248 is divided by 1248?
1240
Calculate the remainder when 1349617 is divided by 79388.
21
Calculate the remainder when 111790 is divided by 2660.
70
Calculate the remainder when 18262 is divided by 315.
307
What is the remainder when 216812 is divided by 2029?
1738
Calculate the remainder when 7255244 is divided by 10.
4
Calculate the remainder when 7927 is divided by 2476.
499
Calculate the remainder when 4048383 is divided by 506045.
23
What is the remainder when 160056292 is divided by 213?
211
What is the remainder when 58835 is divided by 6364?
1559
What is the remainder when 3878965 is divided by 82531?
8
What is the remainder when 38245797 is divided by 19?
13
What is the remainder when 16086429 is divided by 146?
3
What is the remainder when 1636888 is divided by 48?
40
Calculate the remainder when 239370 is divided by 5692.
306
Calculate the remainder when 175518 is divided by 340.
78
What is the remainder when 539484 is divided by 2036?
1980
What is the remainder when 17291914 is divided by 5763955?
49
Calculate the remainder when 48020738 is divided by 11178.
50
Calculate the remainder when 7838171 is divided by 87.
80
What is the remainder when 113378405 is divided by 31?
28
What is the remainder when 8241015 is divided by 57?
12
Calculate the remainder when 11850439 is divided by 10.
9
What is the remainder when 525649 is divided by 294?
271
Calculate the remainder when 10941 is divided by 2402.
1333
What is the remainder when 556349 is divided by 1516?
1493
Calculate the remainder when 246316 is divided by 41049.
22
Calculate the remainder when 396509 is divided by 1218.
659
Calculate the remainder when 12130001 is divided by 10000.
1
Calculate the remainder when 26763 is divided by 26757.
6
What is the remainder when 22680523 is divided by 5670130?
3
What is the remainder when 86342558 is divided by 4986?
4982
What is the remainder when 49042167 is divided by 19?
13
Calculate the remainder when 105112149 is divided by 305.
304
What is the remainder when 132436 is divided by 132414?
22
Calculate the remainder when 26675557 is divided by 20.
17
What is the remainder when 4281926 is divided by 169?
142
Calculate the remainder when 4018628 is divided by 6.
2
Calculate the remainder when 1152156 is divided by 1202.
640
What is the remainder when 248568 is divided by 82807?
147
What is the remainder when 304289 is divided by 86?
21
Calculate the remainder when 20137937 is divided by 5034484.
1
Calculate the remainder when 15720019 is divided by 290.
279
Calculate the remainder when 90665 is divided by 44543.
1579
Calculate the remainder when 1471908 is divided by 10365.
78
What is the remainder when 354790 is divided by 704?
678
What is the remainder when 271604 is divided by 2441?
653
What is the remainder when 19895 is divided by 2562?
1961
Calculate the remainder when 7596305 is divided by 227.
204
What is the remainder when 74576 is divided by 24854?
14
What is the remainder when 1192847 is divided by 116?
19
Calculate the remainder when 144415625 is divided by 1931.
1928
What is the remainder when 634179 is divided by 2477?
67
What is the remainder when 34027847 is divided by 879?
878
Calculate the remainder when 102809 is divided by 1611.
1316
What is the remainder when 384481 is divided by 2563?
31
Calculate the remainder when 983605 is divided by 141.
130
Calculate the remainder when 26831347 is divided by 182.
179
Calculate the remainder when 8080916 is divided by 948.
164
Calculate the remainder when 4488 is divided by 1054.
272
What is the remainder when 499421 is divided by 46?
45
What is the remainder when 16131716 is divided by 1306?
4
What is the remainder when 1571 is divided by 517?
20
What is the remainder when 2013062 is divided by 1006306?
450
What is the remainder when 993995 is divided by 496996?
3
What is the remainder when 2565090 is divided by 1450?
40
What is the remainder when 25111023 is divided by 313?
285
Calculate the remainder when 249135 is divided by 842.
745
What is the remainder